{"id":2706,"date":"2017-11-12T13:17:12","date_gmt":"2017-11-12T12:17:12","guid":{"rendered":"http:\/\/www.jbphotosandmore.com\/BonnPhotoBlog\/?page_id=2706"},"modified":"2023-12-03T17:05:01","modified_gmt":"2023-12-03T16:05:01","slug":"bonn-photo-blog-holz","status":"publish","type":"page","link":"http:\/\/www.jbphotosandmore.com\/BonnPhotoBlog\/bonn-photo-blog-holz\/","title":{"rendered":"Bonn. Photo. Blog. Holz."},"content":{"rendered":"<p>&nbsp;<\/p>\n<p>&nbsp;<\/p>\n<p>&nbsp;<\/p>\n<p><img loading=\"lazy\" decoding=\"async\" class=\"aligncenter wp-image-2716 size-large\" src=\"http:\/\/www.jbphotosandmore.com\/BonnPhotoBlog\/wp-content\/uploads\/2017\/11\/JBBPB-1024x239.jpg\" alt=\"\" width=\"1024\" height=\"239\" data-wp-pid=\"2716\" srcset=\"http:\/\/www.jbphotosandmore.com\/BonnPhotoBlog\/wp-content\/uploads\/2017\/11\/JBBPB-1024x239.jpg 1024w, http:\/\/www.jbphotosandmore.com\/BonnPhotoBlog\/wp-content\/uploads\/2017\/11\/JBBPB-300x70.jpg 300w, http:\/\/www.jbphotosandmore.com\/BonnPhotoBlog\/wp-content\/uploads\/2017\/11\/JBBPB-768x179.jpg 768w, http:\/\/www.jbphotosandmore.com\/BonnPhotoBlog\/wp-content\/uploads\/2017\/11\/JBBPB-800x187.jpg 800w, http:\/\/www.jbphotosandmore.com\/BonnPhotoBlog\/wp-content\/uploads\/2017\/11\/JBBPB-600x140.jpg 600w\" sizes=\"auto, (max-width: 1024px) 100vw, 1024px\" \/><\/p>\n<hr>\n<h4>&nbsp;<strong>Bonn. Photo. Blog. Holz.<\/strong>, dass sind die Photos aus dem Bonn Photo Blog auf Holz.&nbsp;<br \/>\nDie Photos werden nicht einfach nur auf das Holz geklebt, sondern durch eine spezielle Technik wird<br \/>\ndie Farbe des Photos auf das Holz \u00fcbertragen.&nbsp;<br \/>\nHierdurch wird die Holzmaserung ein Teil des Photos, und jedes Photo wird somit einzigartig.<\/h4>\n<h4><strong>Ausstellungen, M\u00e4rkte, etc.:<\/strong><\/h4>\n<h4><span style=\"color: #ff0000;\">2023<\/span><\/h4>\n<h4><span style=\"color: #ff0000;\">Herbstmarkt Kessenich (24.09.2023, Kessenich)<\/span><br \/>\n<span style=\"color: #ff0000;\">Adventsmarkt Burg Lede (10.12.2023, Burg Lede, Bonn Vilich)<br \/>\nLocal Affairs Markt (17.12.2023, BaseCamp Bonn)<\/span><\/h4>\n<h4>2022<\/h4>\n<h4>Burg Art Endenich (21.05.2022, Endenicher Burg)<br \/>\nCheap Art Bonn (11.-13.11.2022)<br \/>\nStrich und Faden DesignMarkt (09.12.2022, Fabrik 45 Bonn)<\/h4>\n<h4>2021<\/h4>\n<h4>Cheap Art Bonn (12.-14.11.2021)<br \/>\nStrich und Faden DesignMarkt (04.12.2021, Fabrik 45 Bonn)<\/h4>\n<h4>2020<\/h4>\n<h4>Leider keine M\u00e4rkte oder Ausstellungen<\/h4>\n<h4>2019<\/h4>\n<h4>Burg Art Endenich (25.05.2019, Endenicher Burg)<br \/>\nHerbstmarkt Kessenich (29.09.2019, Kessenich)<br \/>\nCheap Art Bonn (16.11.2019)<br \/>\nStrich und Faden DesignMarkt (30.11.2019, Fabrik 45 Bonn)<\/h4>\n<h4>2018<\/h4>\n<h4>Burg Art Endenich (23.06.2018, Endenicher Burg)<br \/>\nHerbstmarkt Kessenich (23.09.2018, Kessenich)<br \/>\nCheap Art Bonn (17.11.2018)<br \/>\nBirds &amp; Kisses HoHoHo! Winterzauber (14.-16.12.2018, BaseCamp Bonn)<\/h4>\n<h4>2017<\/h4>\n<h4>Early Bird Shop Bonn (Juli &#8211; September 2017)<br \/>\nCheap Art Bonn (25.11.2017)<br \/>\nAltstadt-Advent (Altstadt-Weihnachtsmarkt, St. Marien Bonn, 16. &amp; 17.12.2017)<\/h4>\n<h4>2020<\/h4>\n<h4>Leider wurden alle M\u00e4rkte &amp; Ausstellungen abgesagt, die Gr\u00fcnde daf\u00fcr sollten bekannt sein.<\/h4>\n<h4>2019<\/h4>\n<h4>Burg Art Endenich (25.05.2019, Endenicher Burg)<br \/>\nHerbstmarkt Kessenich (29.09.2019, Kessenich)<br \/>\nCheap Art (16.11.2019, Kult 41)<br \/>\nStrich &amp; Faden (30.11.2019, Fabrik 45)<\/h4>\n<h4>2018<\/h4>\n<h4>Burg Art Endenich (23.06.2018, Endenicher Burg)<br \/>\nHerbstmarkt Kessenich (23.09.2018, Kessenich)<br \/>\nCheap Art Bonn (17.11.2018, Kult 41)<br \/>\nBirds &amp; Kisses HoHoHo! Winterzauber (14.-16.12.2018, BaseCamp Bonn)<\/h4>\n<h4>2017<\/h4>\n<h4>Early Bird Shop Bonn (Juli &#8211; September 2017)<br \/>\nCheap Art Bonn (25.11.2017, Kult 41)<br \/>\nAltstadt-Advent (Altstadt-Weihnachtsmarkt, St. Marien Bonn, 16. &amp; 17.12.2017)<\/h4>\n<p>&nbsp;<\/p>\n<h4>Zus\u00e4tzlich sind die Photos erh\u00e4ltlich im:<br \/>\nLove your Local<br \/>\nBreite Stra\u00dfe 28<br \/>\n53111 Bonn<br \/>\n<a href=\"http:\/\/www.love-your-local.de\" target=\"_blank\" rel=\"noopener\">Zur Website<\/a><\/h4>\n<p>&nbsp;<\/p>\n<p><img loading=\"lazy\" decoding=\"async\" class=\"aligncenter wp-image-3442 size-large\" src=\"http:\/\/www.jbphotosandmore.com\/BonnPhotoBlog\/wp-content\/uploads\/2018\/02\/20171223_171032-1024x576.jpg\" alt=\"\" width=\"1024\" height=\"576\" data-wp-pid=\"3442\" srcset=\"http:\/\/www.jbphotosandmore.com\/BonnPhotoBlog\/wp-content\/uploads\/2018\/02\/20171223_171032-1024x576.jpg 1024w, http:\/\/www.jbphotosandmore.com\/BonnPhotoBlog\/wp-content\/uploads\/2018\/02\/20171223_171032-300x169.jpg 300w, http:\/\/www.jbphotosandmore.com\/BonnPhotoBlog\/wp-content\/uploads\/2018\/02\/20171223_171032-768x432.jpg 768w, http:\/\/www.jbphotosandmore.com\/BonnPhotoBlog\/wp-content\/uploads\/2018\/02\/20171223_171032-800x450.jpg 800w, http:\/\/www.jbphotosandmore.com\/BonnPhotoBlog\/wp-content\/uploads\/2018\/02\/20171223_171032-600x338.jpg 600w, http:\/\/www.jbphotosandmore.com\/BonnPhotoBlog\/wp-content\/uploads\/2018\/02\/20171223_171032-1200x675.jpg 1200w\" sizes=\"auto, (max-width: 1024px) 100vw, 1024px\" \/><\/p>\n<hr>\n<p>&nbsp;<\/p>\n","protected":false},"excerpt":{"rendered":"<p>&nbsp; &nbsp; &nbsp; &nbsp;Bonn. Photo. Blog. Holz., dass sind die Photos aus dem Bonn Photo Blog auf Holz.&nbsp; Die Photos werden nicht einfach nur auf das Holz geklebt, sondern durch eine spezielle Technik wird die Farbe des Photos auf das Holz \u00fcbertragen.&nbsp; Hierdurch wird die Holzmaserung ein Teil des Photos, und jedes Photo wird somit [&hellip;]<\/p>\n","protected":false},"author":1,"featured_media":0,"parent":0,"menu_order":0,"comment_status":"closed","ping_status":"closed","template":"","meta":{"ngg_post_thumbnail":0,"footnotes":""},"class_list":["post-2706","page","type-page","status-publish","hentry"],"_links":{"self":[{"href":"http:\/\/www.jbphotosandmore.com\/BonnPhotoBlog\/wp-json\/wp\/v2\/pages\/2706","targetHints":{"allow":["GET"]}}],"collection":[{"href":"http:\/\/www.jbphotosandmore.com\/BonnPhotoBlog\/wp-json\/wp\/v2\/pages"}],"about":[{"href":"http:\/\/www.jbphotosandmore.com\/BonnPhotoBlog\/wp-json\/wp\/v2\/types\/page"}],"author":[{"embeddable":true,"href":"http:\/\/www.jbphotosandmore.com\/BonnPhotoBlog\/wp-json\/wp\/v2\/users\/1"}],"replies":[{"embeddable":true,"href":"http:\/\/www.jbphotosandmore.com\/BonnPhotoBlog\/wp-json\/wp\/v2\/comments?post=2706"}],"version-history":[{"count":24,"href":"http:\/\/www.jbphotosandmore.com\/BonnPhotoBlog\/wp-json\/wp\/v2\/pages\/2706\/revisions"}],"predecessor-version":[{"id":5162,"href":"http:\/\/www.jbphotosandmore.com\/BonnPhotoBlog\/wp-json\/wp\/v2\/pages\/2706\/revisions\/5162"}],"wp:attachment":[{"href":"http:\/\/www.jbphotosandmore.com\/BonnPhotoBlog\/wp-json\/wp\/v2\/media?parent=2706"}],"curies":[{"name":"wp","href":"https:\/\/api.w.org\/{rel}","templated":true}]}}

<p>&nbsp;</p>
<p>&nbsp;</p>
<p>&nbsp;</p>
<p><img loading="lazy" decoding="async" class="aligncenter wp-image-2716 size-large" src="http://www.jbphotosandmore.com/BonnPhotoBlog/wp-content/uploads/2017/11/JBBPB-1024x239.jpg" alt="" width="1024" height="239" data-wp-pid="2716" srcset="http://www.jbphotosandmore.com/BonnPhotoBlog/wp-content/uploads/2017/11/JBBPB-1024x239.jpg 1024w, http://www.jbphotosandmore.com/BonnPhotoBlog/wp-content/uploads/2017/11/JBBPB-300x70.jpg 300w, http://www.jbphotosandmore.com/BonnPhotoBlog/wp-content/uploads/2017/11/JBBPB-768x179.jpg 768w, http://www.jbphotosandmore.com/BonnPhotoBlog/wp-content/uploads/2017/11/JBBPB-800x187.jpg 800w, http://www.jbphotosandmore.com/BonnPhotoBlog/wp-content/uploads/2017/11/JBBPB-600x140.jpg 600w" sizes="auto, (max-width: 1024px) 100vw, 1024px" /></p>
<hr>
<h4>&nbsp;<strong>Bonn. Photo. Blog. Holz.</strong>, dass sind die Photos aus dem Bonn Photo Blog auf Holz.&nbsp;<br />
Die Photos werden nicht einfach nur auf das Holz geklebt, sondern durch eine spezielle Technik wird<br />
die Farbe des Photos auf das Holz übertragen.&nbsp;<br />
Hierdurch wird die Holzmaserung ein Teil des Photos, und jedes Photo wird somit einzigartig.</h4>
<h4><strong>Ausstellungen, Märkte, etc.:</strong></h4>
<h4><span style="color: #ff0000;">2023</span></h4>
<h4><span style="color: #ff0000;">Herbstmarkt Kessenich (24.09.2023, Kessenich)</span><br />
<span style="color: #ff0000;">Adventsmarkt Burg Lede (10.12.2023, Burg Lede, Bonn Vilich)<br />
Local Affairs Markt (17.12.2023, BaseCamp Bonn)</span></h4>
<h4>2022</h4>
<h4>Burg Art Endenich (21.05.2022, Endenicher Burg)<br />
Cheap Art Bonn (11.-13.11.2022)<br />
Strich und Faden DesignMarkt (09.12.2022, Fabrik 45 Bonn)</h4>
<h4>2021</h4>
<h4>Cheap Art Bonn (12.-14.11.2021)<br />
Strich und Faden DesignMarkt (04.12.2021, Fabrik 45 Bonn)</h4>
<h4>2020</h4>
<h4>Leider keine Märkte oder Ausstellungen</h4>
<h4>2019</h4>
<h4>Burg Art Endenich (25.05.2019, Endenicher Burg)<br />
Herbstmarkt Kessenich (29.09.2019, Kessenich)<br />
Cheap Art Bonn (16.11.2019)<br />
Strich und Faden DesignMarkt (30.11.2019, Fabrik 45 Bonn)</h4>
<h4>2018</h4>
<h4>Burg Art Endenich (23.06.2018, Endenicher Burg)<br />
Herbstmarkt Kessenich (23.09.2018, Kessenich)<br />
Cheap Art Bonn (17.11.2018)<br />
Birds &amp; Kisses HoHoHo! Winterzauber (14.-16.12.2018, BaseCamp Bonn)</h4>
<h4>2017</h4>
<h4>Early Bird Shop Bonn (Juli &#8211; September 2017)<br />
Cheap Art Bonn (25.11.2017)<br />
Altstadt-Advent (Altstadt-Weihnachtsmarkt, St. Marien Bonn, 16. &amp; 17.12.2017)</h4>
<h4>2020</h4>
<h4>Leider wurden alle Märkte &amp; Ausstellungen abgesagt, die Gründe dafür sollten bekannt sein.</h4>
<h4>2019</h4>
<h4>Burg Art Endenich (25.05.2019, Endenicher Burg)<br />
Herbstmarkt Kessenich (29.09.2019, Kessenich)<br />
Cheap Art (16.11.2019, Kult 41)<br />
Strich &amp; Faden (30.11.2019, Fabrik 45)</h4>
<h4>2018</h4>
<h4>Burg Art Endenich (23.06.2018, Endenicher Burg)<br />
Herbstmarkt Kessenich (23.09.2018, Kessenich)<br />
Cheap Art Bonn (17.11.2018, Kult 41)<br />
Birds &amp; Kisses HoHoHo! Winterzauber (14.-16.12.2018, BaseCamp Bonn)</h4>
<h4>2017</h4>
<h4>Early Bird Shop Bonn (Juli &#8211; September 2017)<br />
Cheap Art Bonn (25.11.2017, Kult 41)<br />
Altstadt-Advent (Altstadt-Weihnachtsmarkt, St. Marien Bonn, 16. &amp; 17.12.2017)</h4>
<p>&nbsp;</p>
<h4>Zusätzlich sind die Photos erhältlich im:<br />
Love your Local<br />
Breite Straße 28<br />
53111 Bonn<br />
<a href="http://www.love-your-local.de" target="_blank" rel="noopener">Zur Website</a></h4>
<p>&nbsp;</p>
<p><img loading="lazy" decoding="async" class="aligncenter wp-image-3442 size-large" src="http://www.jbphotosandmore.com/BonnPhotoBlog/wp-content/uploads/2018/02/20171223_171032-1024x576.jpg" alt="" width="1024" height="576" data-wp-pid="3442" srcset="http://www.jbphotosandmore.com/BonnPhotoBlog/wp-content/uploads/2018/02/20171223_171032-1024x576.jpg 1024w, http://www.jbphotosandmore.com/BonnPhotoBlog/wp-content/uploads/2018/02/20171223_171032-300x169.jpg 300w, http://www.jbphotosandmore.com/BonnPhotoBlog/wp-content/uploads/2018/02/20171223_171032-768x432.jpg 768w, http://www.jbphotosandmore.com/BonnPhotoBlog/wp-content/uploads/2018/02/20171223_171032-800x450.jpg 800w, http://www.jbphotosandmore.com/BonnPhotoBlog/wp-content/uploads/2018/02/20171223_171032-600x338.jpg 600w, http://www.jbphotosandmore.com/BonnPhotoBlog/wp-content/uploads/2018/02/20171223_171032-1200x675.jpg 1200w" sizes="auto, (max-width: 1024px) 100vw, 1024px" /></p>
<hr>
<p>&nbsp;</p>

<p>&nbsp; &nbsp; &nbsp; &nbsp;Bonn. Photo. Blog. Holz., dass sind die Photos aus dem Bonn Photo Blog auf Holz.&nbsp; Die Photos werden nicht einfach nur auf das Holz geklebt, sondern durch eine spezielle Technik wird die Farbe des Photos auf das Holz übertragen.&nbsp; Hierdurch wird die Holzmaserung ein Teil des Photos, und jedes Photo wird somit [&hellip;]</p>
